)/(4/18). Let j(m) = 7 + m**3 - 23*m - 603*m**2 + 1274*m**2 - 694*m**2. Is j(r) composite?
False
Suppose 3*y - 2*l - 10 = -127, -2*y - 4*l = 94. Let g = 42 + y. Is -2*(-2 - 0)*22 - g a prime number?
False
Let v(f) = -f**3 + 2*f**2 - 4*f - 3919. Let b be v(0). Let z = 16116 + b. Is z a prime number?
True
Suppose -3 = 4*h - s, 5*s - 3*s = -10. Is 29/(3/((-860)/(-4) + h)) composite?
True
Let v = 231 + -202. Let b = 214 - v. Is b composite?
True
Let c = 78157 + 550. Is c a prime number?
True
Suppose 0 = -4*l - 0*l + 2*a + 412, 2*l + 5*a - 206 = 0. Let f = -109 + l. Is 1623/(-2)*(4 + 28/f) composite?
False
Let h = -110558 - -327469. Is h prime?
True
Suppose 4*a - 4*g - 2 = 2, -4*g = -12. Suppose -a*r - 5 = 11. Is 5/((-5)/r) - -75 a composite number?
False
Let z be 16/((-4)/2)*(-5 - 2612). Is z/72 - (-6)/27 prime?
False
Let y(h) = -5202*h + 4591. Is y(-46) composite?
True
Suppose 0 = 97*g - 52*g - 22775895. Is g a prime number?
True
Suppose 4*q + 81377 = -3*o, 2*o - 20347 = 9*q - 8*q. Let r = -10812 - q. Is r a prime number?
True
Suppose -34*u = 1121871 - 3496669. Is u a prime number?
True
Let w = 435 - 433. Is 10666/8*(w + 2) composite?
False
Suppose j - 18 = -3*v, 3*j + 0 = 4*v + 2. Suppose 0 = -j*g - 647 - 1603. Let o = g - -704. Is o composite?
True
Suppose 0 = 12*s - s + 1661. Let f = 266 + s. Is f prime?
False
Is 25 - -186838 - 0/(-5) a prime number?
False
Suppose 0 = -87*z - 88 + 1. Let l(x) = x**2 + 4*x. Let r be l(-4). Is (z - r)*2/((-6)/483) a composite number?
True
Suppose 0 = 3*h - 12, 4*l - 3*h = -h + 244. Suppose -64*c + 6353 = -l*c. Is c a composite number?
False
Suppose -7*w - 3*w + 35992 = 10962. Is w prime?
True
Let p(z) = 17156*z - 1231. Is p(27) a composite number?
True
Let w be 16/(-6) + 10/6 - -1915. Suppose -c + 2599 = -w. Is c a prime number?
True
Let c(q) = 33*q**2 + 14*q + 51. Suppose -7*s = 14 + 42. Is c(s) a composite number?
True
Let t be 1/1 + (-21 + 1)*1. Let d(n) = 21*n**2 + 3*n + 5. Is d(t) a composite number?
False
Let m = 183272 - 129555. Is m prime?
True
Let u(p) = p**3 + 7*p**2 + 16*p - 19. Let k be (-8)/((-4)/(-34) - (-360)/(-459)). Is u(k) a prime number?
True
Suppose -9*f + 2282718 + 92275 = -774440. Is f composite?
True
Suppose 53*x - 50852103 = -16*x. Is x composite?
False
Let t = 3661 - 7395. Let i = t - -5365. Is i prime?
False
Suppose -5 = 7*f - 33. Suppose l + o = -3*o + 7075, -f*l + 4*o = -28240. Is l a composite number?
True
Let k(h) = -h**3 - 7*h**2 - 6*h + 5. Let w be k(-6). Suppose -59 = -w*g - 34. Suppose -g*j + 10595 = 2*d + 2*d, -8476 = -4*j + 3*d. Is j prime?
False
Let x be (-665)/76*(-2 + -306). Let f = x - -1146. Is f prime?
False
Let t(v) = -77 - 20 + 40*v + 37 - 81. Is t(26) a prime number?
False
Let b be (-1882)/(-10) + (-14)/70. Suppose 3*p - 7500 = -5*d, -d + 4*p = -1665 + b. Let c = d - 1008. Is c prime?
False
Let s(g) = -2*g - 13. Let o be s(-6). Let j be (1/(-1))/((-1)/o). Is (3 + j)/(-3 + (-226)/(-74)) composite?
False
Let v be (-22)/55 + 126264/10. Is 5*(v/5 - -7) a prime number?
False
Let u(p) = -363*p**2 - 18*p + 69. Let r(d) = -1814*d**2 - 91*d + 347. Let a(k) = 2*r(k) - 11*u(k). Is a(4) a prime number?
True
Let s = 423587 + 352512. Is s a composite number?
False
Suppose 3*q - 2*q - 17938 = 3*g, -5*q + 89780 = 3*g. Suppose 4*i = -6*c + c + q, -2*i + 4*c + 8970 = 0. Is i a composite number?
True
Suppose 0 = 175*y - 177*y - 8, 5*c + 2*y - 23177 = 0. Is c composite?
False
Let m(n) = -10*n**3 + 15*n**2 + 7*n + 34. Let s be m(-10). Is (-42 - -36) + s + 1 prime?
False
Let v be (-2)/(-4) + 9710/(-4). Let c = 10369 - 10372. Is v/12*(c + -1) prime?
True
Suppose 0 = -3*x + 2*x + 2, 214 = 4*j - 5*x. Let g = j + -54. Is 2783 - -3*g*5/15 a prime number?
False
Suppose 21*t + 26936 - 191387 = 0. Is t a composite number?
True
Suppose 3*f = -2*t + 170 + 855, -5*t = f - 2543. Let q = t + 64. Is q/10 - -1*1/(-5) composite?
True
Let s be 4*9*(-8)/24. Let v(k) = 43*k**2 - 8*k + 38. Is v(s) composite?
True
Let l(q) = 8*q**3 + q**2 - 10*q + 20. Let d(g) = -g**3 - 2*g**2 + 33*g - 7. Let r be d(-7). Is l(r) a composite number?
True
Suppose 2191400 - 13907537 = -27*y. Is y prime?
True
Let y be 1963292/71*2/4. Suppose 0 = -215*n + 213*n + y. Is n prime?
False
Let c = 19432 - -28459. Is c a prime number?
False
Let z(r) = -13*r**2 + 6*r + 5. Let n = 21 - 25. Let y be z(n). Is y/(-1) + 8/(-2) a prime number?
True
Suppose 2*l + 575 = -21*l. Is (-794)/6*(-152 + l) a composite number?
True
Suppose q - 21 = 4*y, -3*y - 17 = 4*q - 25. Suppose 45*z - 181750 = -q*z. Is z composite?
True
Suppose 4*r + b = 2*r + 3665, -2*r = -5*b - 3659. Let n = r - -1103. Is n a prime number?
False
Let h be (-4)/(-18) + 10*(-46)/(-36). Let z(g) = 10*g + 27. Is z(h) a composite number?
False
Let p = 1406154 - 378313. Is p a composite number?
False
Suppose -2*j - 51*c + 11963 = -50*c, -j - 2*c + 5983 = 0. Is j composite?
False
Let c = 4609 + -2696. Suppose -1018 - c = -q. Is q composite?
True
Let k be 1/(-3)*(4 - 4). Suppose k = -4*y - 5 + 17. Suppose -y*o + 2047 = -2618. Is o composite?
True
Suppose -3*y + 4*a + 18 = 0, 0 = -2*y - 2*y - 4*a - 4. Suppose -12 = -2*g - 3*f - f, -2 = y*f. Suppose 0 = g*r - 12*r + 2524. Is r prime?
True
Suppose -76 = -4*r - 236. Let o = 42 + r. Suppose -4*z + 5*p + 19962 = 845, 19126 = 4*z - o*p. Is z a composite number?
False
Suppose d + 4*d + 5*g = 90, -d - 5*g + 26 = 0. Suppose d*w - 13*w = 609. Is w a prime number?
False
Let s(x) = 14*x - 5. Let q be s(2). Suppose q + 2997 = -5*a. Let c = a - -935. Is c prime?
True
Let k be -142 + (-8)/16*(0 - 2). Suppose 0 = -11*q + 14*q - 2346. Let b = q + k. Is b a composite number?
False
Let t be (68/20 + -4)*30*10/(-90). Suppose -19 = r - 88. Suppose -a - 3 = 0, -3*a + r = -0*s + t*s. Is s prime?
False
Suppose 3*v - 123776 = -4*y, -5*v + 4*y = -128297 - 77943. Suppose p - 42165 = -4*s, -p - 9628 = 3*s - v. Is s composite?
True
Suppose 777*s = 167*s + 1162576430. Is s a prime number?
True
Let b = -55240 + 29658. Is (b/3)/((-12)/18) + 6 a prime number?
False
Let j = 10222 + -5173. Let m = j + 12832. Is m prime?
True
Let t = 143884 - 82037. Is t composite?
True
Suppose o - 4*p = -0*o + 6, -4*p - 10 = -3*o. Let n be -6 + o + 1 - 1. Is (1 + -1 - 307/4)*n prime?
True
Let z(t) = t**2 + 2*t - 24. Let j be z(-6). Let h(k) = -2*k**2 - 2*k - 2. Let c be h(j). Is 647/2*(0 - c) a prime number?
True
Let p(k) be the first derivative of -2*k**2 - 29*k + 28. Let s be p(-9). Suppose s*q - 15447 = 11104. Is q prime?
True
Suppose -x + 2132 = q - 5*x, -5*x + 8591 = 4*q. Suppose 3*n - n = 6, j = 3*n + q. Is j composite?
False
Is (33959302/(-26) + -21)*(-3)/(2*6) composite?
False
Let n(y) = 86*y**2 + 23*y - 95. Let o be n(7). Is 16/((-112)/3) + o/7 a composite number?
True
Let r = 20 - 26. Let h be (-36)/8*668/r. Let s = 854 - h. Is s composite?
False
Suppose 2*j + l = -0*l + 14, -2*j + 4*l - 6 = 0. Suppose -5*f - r = -2813, -4*f = -8*f + j*r + 2262. Suppose -344 = -q + f. Is q composite?
False
Suppose -862311 = -3*h + 5*v, v - 630473 = -4*h + 519275. Is h a prime number?
True
Suppose 45 + 90 = -5*m. Let y = m + 42. Is y/3 + (-3112)/(-2) composite?
True
Let u be (-4)/(-4 + 0) - -1. Suppose -204 = -u*p - 5*z - 53, -2*p - 4*z + 146 = 0. Is 26028/p - 1/7 a composite number?
True
Let a be (18/2)/(4/(-16)). Let c = a - -36. Suppose c = 9*i - 5*i - 11588. Is i composite?
False
Let u = -4947 - -9620. Let q = u - 2596. Let n = q + -623. Is n composite?
True
Let v = -5 - -14. Let c(f) = -f**3 + 2*f**2 + 19*f + 17. Let d(a) = -a**3 + a**2 + 21*a + 19. Let w(m) = -6*c(m) + 5*d(m). Is w(v) a composite number?
True
Let q(m) = 6*m**2 + 7*m**2 + 7 - 5*m**2 - 4*m**2 + 7*m + 7*m**2. Is q(22) prime?
False
Let g be (3 + 0)*(3 - (-15)/(-9)). Suppose 3958 = g*x + 770. Is x a composite number?
False
Let w(i) = i**3 - 17*i**2 + i - 10. Let r be w(17). Suppose 12 = r*h - 44. Is (1969/2)/((-28)/h + 4) composite?
True
Suppose -3*c - 4896194 = 9*c - 58*c. Is c prime?
False
Suppose 4*r = u + 1600 + 104907, 0 = 2*r + 5*u - 53259. Is r prime?
True
Suppose 0 = 4*u - a - 10, 0*u - 4*u = 4*a. Suppose 6 = 4*x - u. Suppose 0 = -5*p + x*w + 3*w + 29370, 4*w - 11778 = -2*p. Is p a composite number?
False
Let i be (-1)/2 + 535/70 + 24/(-168). Suppose -4*y = 4*c - 952, -2*c = c - 3. Suppose -i*a + 818 = y. Is a a prime n